{"id":12523,"date":"2021-01-18T17:08:43","date_gmt":"2021-01-18T17:08:43","guid":{"rendered":"https:\/\/heino.nl\/preisliste-2021\/"},"modified":"2021-01-18T17:08:44","modified_gmt":"2021-01-18T17:08:44","slug":"preisliste-2021","status":"publish","type":"page","link":"https:\/\/heino.nl\/de\/preisliste-2021\/","title":{"rendered":"Preisliste 2021"},"content":{"rendered":"<section class=\"l-section wpb_row height_auto\"><div class=\"l-section-h i-cf\"><div class=\"g-cols vc_row type_default valign_top\"><div class=\"vc_col-sm-12 wpb_column vc_column_container\"><div class=\"vc_column-inner\"><div class=\"wpb_wrapper\"><section class=\"l-section wpb_row height_small\" id=\"prijslijst\"><div class=\"l-section-h i-cf\"><div class=\"g-cols vc_row type_default valign_top gap-10px\"><style>.g-cols.gap-10px{margin:0 calc(-1.5rem - 10px)}.gap-10px > .vc_column_container {padding:10px}<\/style><div class=\"vc_col-sm-12 wpb_column vc_column_container has-fill\"><div class=\"vc_column-inner us_custom_67c52887\"><div class=\"wpb_wrapper\"><div class=\"w-separator size_small with_line width_default thick_1 style_solid color_secondary align_center with_text with_content\"><div class=\"w-separator-h\"><h2 class=\"w-separator-text\"><i class=\"fas fa-sun\"><\/i><span>Preisliste 2022<\/span><\/h2><\/div><\/div><div class=\"g-cols wpb_row  type_default valign_top vc_inner\"><div class=\"vc_col-sm-4 wpb_column vc_column_container\"><div class=\"vc_column-inner\"><div class=\"wpb_wrapper\"><div class=\"w-separator size_small with_line width_default thick_1 style_solid color_secondary align_left with_text with_content\"><div class=\"w-separator-h\"><h4 class=\"w-separator-text\"><i class=\"fas fa-sun\"><\/i><span>Allgemeines<\/span><\/h4><\/div><\/div><div class=\"wpb_text_column\" ><div class=\"wpb_wrapper\"><p><strong>\u00dcbernachtung inkl. Fr\u00fchst\u00fcck<\/strong><br \/>\n\u20ac 19,60 p.P. (18:00 \u2013 10:00)<\/p>\n<p><strong>Tagesteil inkl. Mittagessen<\/strong><br \/>\n\u20ac 4,90 p.p. (10:00 \u2013 14:00)<\/p>\n<p><strong>Tagesteil inkl. Abendessen<\/strong><br \/>\n\u20ac 9,80 p.p. (14:00 \u2013 18:00)<\/p>\n<\/div><\/div><\/div><\/div><\/div><div class=\"vc_col-sm-4 wpb_column vc_column_container\"><div class=\"vc_column-inner\"><div class=\"wpb_wrapper\"><div class=\"w-separator size_small with_line width_default thick_1 style_solid color_secondary align_left with_text with_content\"><div class=\"w-separator-h\"><h4 class=\"w-separator-text\"><i class=\"fas fa-plus\"><\/i><span>Zus\u00e4tzliche Optionen<\/span><\/h4><\/div><\/div><div class=\"wpb_text_column\" ><div class=\"wpb_wrapper\"><p><strong>Deckbett und Bettw\u00e4sche komplett<\/strong><br \/>\n10,00 \u20ac pro Paket<\/p>\n<p><strong>Nur Bettdecke<\/strong><br \/>\n6,00 \u20ac pro Bettdecke<\/p>\n<p><strong>Nur Bettw\u00e4sche <\/strong><br \/>\n6,00 \u20ac pro Paket<\/p>\n<\/div><\/div><\/div><\/div><\/div><div class=\"vc_col-sm-4 wpb_column vc_column_container\"><div class=\"vc_column-inner\"><div class=\"wpb_wrapper\"><div class=\"w-separator size_small with_line width_default thick_1 style_solid color_secondary align_left with_text with_content\"><div class=\"w-separator-h\"><h4 class=\"w-separator-text\"><i class=\"fas fa-trees\"><\/i><span>Zuschl\u00e4ge<\/span><\/h4><\/div><\/div><div class=\"wpb_text_column\" ><div class=\"wpb_wrapper\"><p><strong>Kurtaxe<\/strong><br \/>\n1,05 \u20ac pro Person u Nacht<\/p>\n<p><strong>Wochenendzuschlag<\/strong><br \/>\n2,50 \u20ac pro Person u Nacht<\/p>\n<p><strong>Einmaliges Starttarif<\/strong><br \/>\n6,50 \u20ac pro Person (unabh\u00e4ngig von der Anzahl der N\u00e4chte)<\/p>\n<p><strong>Reservierungskosten<\/strong><br \/>\n12,50 \u20ac pro Gruppe<\/p>\n<\/div><\/div><\/div><\/div><\/div><div class=\"vc_col-sm-12 wpb_column vc_column_container\"><div class=\"vc_column-inner\"><div class=\"wpb_wrapper\"><div class=\"wpb_text_column\" ><div class=\"wpb_wrapper\"><p><strong>* Rabatt:<\/strong><br \/>\n&#8211; Aufenthalt Montag &#8211; Mittwoch: 2 \u20ac pro Person. Mit Ausnahme vom 23. bis 25. Mai.<br \/>\n&#8211; Nebensaison Rabatt Oktober: 2 \u20ac pro Person.<\/p>\n<p><em>* Nicht g\u00fcltig f\u00fcr Hostel Go Challenge. Doppelte Rabatte sind m\u00f6glich.<\/em><\/p>\n<\/div><\/div><div class=\"w-separator size_small with_line width_default thick_1 style_solid color_primary align_center with_content\"><div class=\"w-separator-h\"><i class=\"fas fa-map-signs\"><\/i><\/div><\/div><div class=\"wpb_text_column\" ><div class=\"wpb_wrapper\"><p><strong>Einrichtungen<\/strong><br \/>\nAlle unsere Tagesteil*Preise beinhalten die Nutzung der Einrichtungen wie Schwimmbad, Kino, Disco, Sporthalle usw. und beinhalten eine Mahlzeit. Sie k\u00f6nnen selbst entscheiden, ob Sie dies nutzen m\u00f6chten oder nicht, es wird jedoch keine R\u00fcckerstattung gew\u00e4hrt.<\/p>\n<p><strong>Tage dazwischen<\/strong><br \/>\nSie zahlen immer f\u00fcr alle Tagesteile an den Zwischentagen. Welchen Teil des Tages Sie am ersten und letzten Tag bezahlen, h\u00e4ngt von Ihrer Ankunfts- und Abfahrtszeit ab, die in den oben genannten Teil des Tages fallen muss. Wenn Sie davon abweichen, zahlen Sie automatisch einen zus\u00e4tzlichen Tagesteil<\/p>\n<p>F\u00fcr Tagesg\u00e4ste und Besucher k\u00f6nnen die Preise f\u00fcr den Tagesteilen verwendet werden. Sie d\u00fcrfen daher die Einrichtungen nutzen.<\/p>\n<p><strong>Abendessen am ersten Tag<\/strong><br \/>\nUm das Abendessen am ersten Tag genie\u00dfen zu k\u00f6nnen, m\u00fcssen Sie vor 18:00 Uhr anreisen. Wenn Sie nach 18:00 Uhr anreisen, zahlen Sie nur f\u00fcr eine \u00dcbernachtung mit Fr\u00fchst\u00fcck an diesem Tag.<\/p>\n<\/div><\/div><\/div><\/div><\/div><\/div><div class=\"w-separator size_small with_line width_default thick_1 style_solid color_secondary align_center with_text with_content\"><div class=\"w-separator-h\"><h4 class=\"w-separator-text\"><i class=\"fas fa-calculator\"><\/i><span>Berechnungsbeispiel<\/span><\/h4><\/div><\/div><div class=\"g-cols wpb_row  type_default valign_top vc_inner\"><div class=\"vc_col-sm-6 wpb_column vc_column_container\"><div class=\"vc_column-inner\"><div class=\"wpb_wrapper\"><div class=\"wpb_text_column\" ><div class=\"wpb_wrapper\"><p style=\"text-align: left;\"><strong>W\u00e4hrend der Woche<br \/>\n<\/strong>Mittwoch 11 Uhr bis Freitag 10 Uhr: 75,10 \u20ac + 2,10 \u20ac p.P.<br \/>\n(2&#215;19.60, 2&#215;4.90, 2&#215;9.80, 1&#215;6.50 + Kurtaxe)<\/p>\n<\/div><\/div><\/div><\/div><\/div><div class=\"vc_col-sm-6 wpb_column vc_column_container\"><div class=\"vc_column-inner\"><div class=\"wpb_wrapper\"><div class=\"wpb_text_column\" ><div class=\"wpb_wrapper\"><p><strong>Wochenende:<\/strong><br \/>\nWochenende: Freitagabend von 18:00 Uhr bis Sonntag 14:00 Uhr: 70,30 \u20ac + 2,10 \u20ac p.P.<br \/>\n(2&#215;19.60, 2&#215;4.90, 1&#215;9.80, 2&#215;2.50, 1&#215;6.50 + Kurtaxe)<\/p>\n<\/div><\/div><\/div><\/div><\/div><\/div><\/div><\/div><\/div><\/div><\/div><\/section>\n<\/div><\/div><\/div><\/div><\/div><\/section>\n","protected":false},"excerpt":{"rendered":"Preisliste 2022Allgemeines\u00dcbernachtung inkl. Fr\u00fchst\u00fcck \u20ac 19,60 p.P. (18:00 \u2013 10:00) Tagesteil inkl. Mittagessen \u20ac 4,90 p.p. (10:00 \u2013 14:00) Tagesteil inkl. Abendessen \u20ac 9,80 p.p. (14:00 \u2013 18:00) Zus\u00e4tzliche OptionenDeckbett und Bettw\u00e4sche komplett 10,00 \u20ac pro Paket Nur Bettdecke 6,00 \u20ac pro Bettdecke Nur Bettw\u00e4sche 6,00 \u20ac pro Paket Zuschl\u00e4geKurtaxe 1,05 \u20ac pro Person u...","protected":false},"author":3,"featured_media":11781,"parent":0,"menu_order":0,"comment_status":"closed","ping_status":"closed","template":"","meta":[],"yoast_head":"<!-- This site is optimized with the Yoast SEO plugin v15.8 - https:\/\/yoast.com\/wordpress\/plugins\/seo\/ -->\n<title>Preisliste 2021 - Summercamp Heino<\/title>\n<meta name=\"robots\" content=\"index, follow, max-snippet:-1, max-image-preview:large, max-video-preview:-1\" \/>\n<link rel=\"canonical\" href=\"https:\/\/heino.nl\/de\/preisliste-2021\/\" \/>\n<meta property=\"og:locale\" content=\"de_DE\" \/>\n<meta property=\"og:type\" content=\"article\" \/>\n<meta property=\"og:title\" content=\"Preisliste 2021 - Summercamp Heino\" \/>\n<meta property=\"og:url\" content=\"https:\/\/heino.nl\/de\/preisliste-2021\/\" \/>\n<meta property=\"og:site_name\" content=\"Summercamp Heino\" \/>\n<meta property=\"article:modified_time\" content=\"2021-01-18T17:08:44+00:00\" \/>\n<meta property=\"og:image\" content=\"https:\/\/heino.nl\/wp-content\/uploads\/2020\/09\/summercamp-heino-header-scaled.jpg\" \/>\n\t<meta property=\"og:image:width\" content=\"2560\" \/>\n\t<meta property=\"og:image:height\" content=\"1333\" \/>\n<meta name=\"twitter:card\" content=\"summary_large_image\" \/>\n<script type=\"application\/ld+json\" class=\"yoast-schema-graph\">{\"@context\":\"https:\/\/schema.org\",\"@graph\":[{\"@type\":\"WebSite\",\"@id\":\"https:\/\/heino.nl\/#website\",\"url\":\"https:\/\/heino.nl\/\",\"name\":\"Recreatiebanen\",\"description\":\"\",\"potentialAction\":[{\"@type\":\"SearchAction\",\"target\":\"https:\/\/heino.nl\/?s={search_term_string}\",\"query-input\":\"required name=search_term_string\"}],\"inLanguage\":\"de-DE\"},{\"@type\":\"ImageObject\",\"@id\":\"https:\/\/heino.nl\/de\/preisliste-2021\/#primaryimage\",\"inLanguage\":\"de-DE\",\"url\":\"https:\/\/heino.nl\/wp-content\/uploads\/2020\/09\/summercamp-heino-header-scaled.jpg\",\"width\":2560,\"height\":1333,\"caption\":\"summercamp-heino-header\"},{\"@type\":\"WebPage\",\"@id\":\"https:\/\/heino.nl\/de\/preisliste-2021\/#webpage\",\"url\":\"https:\/\/heino.nl\/de\/preisliste-2021\/\",\"name\":\"Preisliste 2021 - Summercamp Heino\",\"isPartOf\":{\"@id\":\"https:\/\/heino.nl\/#website\"},\"primaryImageOfPage\":{\"@id\":\"https:\/\/heino.nl\/de\/preisliste-2021\/#primaryimage\"},\"datePublished\":\"2021-01-18T17:08:43+00:00\",\"dateModified\":\"2021-01-18T17:08:44+00:00\",\"breadcrumb\":{\"@id\":\"https:\/\/heino.nl\/de\/preisliste-2021\/#breadcrumb\"},\"inLanguage\":\"de-DE\",\"potentialAction\":[{\"@type\":\"ReadAction\",\"target\":[\"https:\/\/heino.nl\/de\/preisliste-2021\/\"]}]},{\"@type\":\"BreadcrumbList\",\"@id\":\"https:\/\/heino.nl\/de\/preisliste-2021\/#breadcrumb\",\"itemListElement\":[{\"@type\":\"ListItem\",\"position\":1,\"item\":{\"@type\":\"WebPage\",\"@id\":\"https:\/\/heino.nl\/de\/\",\"url\":\"https:\/\/heino.nl\/de\/\",\"name\":\"Home\"}},{\"@type\":\"ListItem\",\"position\":2,\"item\":{\"@type\":\"WebPage\",\"@id\":\"https:\/\/heino.nl\/de\/preisliste-2021\/\",\"url\":\"https:\/\/heino.nl\/de\/preisliste-2021\/\",\"name\":\"Preisliste 2021\"}}]}]}<\/script>\n<!-- \/ Yoast SEO plugin. -->","_links":{"self":[{"href":"https:\/\/heino.nl\/de\/wp-json\/wp\/v2\/pages\/12523"}],"collection":[{"href":"https:\/\/heino.nl\/de\/wp-json\/wp\/v2\/pages"}],"about":[{"href":"https:\/\/heino.nl\/de\/wp-json\/wp\/v2\/types\/page"}],"author":[{"embeddable":true,"href":"https:\/\/heino.nl\/de\/wp-json\/wp\/v2\/users\/3"}],"replies":[{"embeddable":true,"href":"https:\/\/heino.nl\/de\/wp-json\/wp\/v2\/comments?post=12523"}],"version-history":[{"count":0,"href":"https:\/\/heino.nl\/de\/wp-json\/wp\/v2\/pages\/12523\/revisions"}],"wp:featuredmedia":[{"embeddable":true,"href":"https:\/\/heino.nl\/de\/wp-json\/wp\/v2\/media\/11781"}],"wp:attachment":[{"href":"https:\/\/heino.nl\/de\/wp-json\/wp\/v2\/media?parent=12523"}],"curies":[{"name":"wp","href":"https:\/\/api.w.org\/{rel}","templated":true}]}}

<section class="l-section wpb_row height_auto"><div class="l-section-h i-cf"><div class="g-cols vc_row type_default valign_top"><div class="vc_col-sm-12 wpb_column vc_column_container"><div class="vc_column-inner"><div class="wpb_wrapper"><section class="l-section wpb_row height_small" id="prijslijst"><div class="l-section-h i-cf"><div class="g-cols vc_row type_default valign_top gap-10px"><style>.g-cols.gap-10px{margin:0 calc(-1.5rem - 10px)}.gap-10px > .vc_column_container {padding:10px}</style><div class="vc_col-sm-12 wpb_column vc_column_container has-fill"><div class="vc_column-inner us_custom_67c52887"><div class="wpb_wrapper"><div class="w-separator size_small with_line width_default thick_1 style_solid color_secondary align_center with_text with_content"><div class="w-separator-h"><h2 class="w-separator-text"><i class="fas fa-sun"></i><span>Preisliste 2022</span></h2></div></div><div class="g-cols wpb_row  type_default valign_top vc_inner"><div class="vc_col-sm-4 wpb_column vc_column_container"><div class="vc_column-inner"><div class="wpb_wrapper"><div class="w-separator size_small with_line width_default thick_1 style_solid color_secondary align_left with_text with_content"><div class="w-separator-h"><h4 class="w-separator-text"><i class="fas fa-sun"></i><span>Allgemeines</span></h4></div></div><div class="wpb_text_column" ><div class="wpb_wrapper"><p><strong>Übernachtung inkl. Frühstück</strong><br />
€ 19,60 p.P. (18:00 – 10:00)</p>
<p><strong>Tagesteil inkl. Mittagessen</strong><br />
€ 4,90 p.p. (10:00 – 14:00)</p>
<p><strong>Tagesteil inkl. Abendessen</strong><br />
€ 9,80 p.p. (14:00 – 18:00)</p>
</div></div></div></div></div><div class="vc_col-sm-4 wpb_column vc_column_container"><div class="vc_column-inner"><div class="wpb_wrapper"><div class="w-separator size_small with_line width_default thick_1 style_solid color_secondary align_left with_text with_content"><div class="w-separator-h"><h4 class="w-separator-text"><i class="fas fa-plus"></i><span>Zusätzliche Optionen</span></h4></div></div><div class="wpb_text_column" ><div class="wpb_wrapper"><p><strong>Deckbett und Bettwäsche komplett</strong><br />
10,00 € pro Paket</p>
<p><strong>Nur Bettdecke</strong><br />
6,00 € pro Bettdecke</p>
<p><strong>Nur Bettwäsche </strong><br />
6,00 € pro Paket</p>
</div></div></div></div></div><div class="vc_col-sm-4 wpb_column vc_column_container"><div class="vc_column-inner"><div class="wpb_wrapper"><div class="w-separator size_small with_line width_default thick_1 style_solid color_secondary align_left with_text with_content"><div class="w-separator-h"><h4 class="w-separator-text"><i class="fas fa-trees"></i><span>Zuschläge</span></h4></div></div><div class="wpb_text_column" ><div class="wpb_wrapper"><p><strong>Kurtaxe</strong><br />
1,05 € pro Person u Nacht</p>
<p><strong>Wochenendzuschlag</strong><br />
2,50 € pro Person u Nacht</p>
<p><strong>Einmaliges Starttarif</strong><br />
6,50 € pro Person (unabhängig von der Anzahl der Nächte)</p>
<p><strong>Reservierungskosten</strong><br />
12,50 € pro Gruppe</p>
</div></div></div></div></div><div class="vc_col-sm-12 wpb_column vc_column_container"><div class="vc_column-inner"><div class="wpb_wrapper"><div class="wpb_text_column" ><div class="wpb_wrapper"><p><strong>* Rabatt:</strong><br />
&#8211; Aufenthalt Montag &#8211; Mittwoch: 2 € pro Person. Mit Ausnahme vom 23. bis 25. Mai.<br />
&#8211; Nebensaison Rabatt Oktober: 2 € pro Person.</p>
<p><em>* Nicht gültig für Hostel Go Challenge. Doppelte Rabatte sind möglich.</em></p>
</div></div><div class="w-separator size_small with_line width_default thick_1 style_solid color_primary align_center with_content"><div class="w-separator-h"><i class="fas fa-map-signs"></i></div></div><div class="wpb_text_column" ><div class="wpb_wrapper"><p><strong>Einrichtungen</strong><br />
Alle unsere Tagesteil*Preise beinhalten die Nutzung der Einrichtungen wie Schwimmbad, Kino, Disco, Sporthalle usw. und beinhalten eine Mahlzeit. Sie können selbst entscheiden, ob Sie dies nutzen möchten oder nicht, es wird jedoch keine Rückerstattung gewährt.</p>
<p><strong>Tage dazwischen</strong><br />
Sie zahlen immer für alle Tagesteile an den Zwischentagen. Welchen Teil des Tages Sie am ersten und letzten Tag bezahlen, hängt von Ihrer Ankunfts- und Abfahrtszeit ab, die in den oben genannten Teil des Tages fallen muss. Wenn Sie davon abweichen, zahlen Sie automatisch einen zusätzlichen Tagesteil</p>
<p>Für Tagesgäste und Besucher können die Preise für den Tagesteilen verwendet werden. Sie dürfen daher die Einrichtungen nutzen.</p>
<p><strong>Abendessen am ersten Tag</strong><br />
Um das Abendessen am ersten Tag genießen zu können, müssen Sie vor 18:00 Uhr anreisen. Wenn Sie nach 18:00 Uhr anreisen, zahlen Sie nur für eine Übernachtung mit Frühstück an diesem Tag.</p>
</div></div></div></div></div></div><div class="w-separator size_small with_line width_default thick_1 style_solid color_secondary align_center with_text with_content"><div class="w-separator-h"><h4 class="w-separator-text"><i class="fas fa-calculator"></i><span>Berechnungsbeispiel</span></h4></div></div><div class="g-cols wpb_row  type_default valign_top vc_inner"><div class="vc_col-sm-6 wpb_column vc_column_container"><div class="vc_column-inner"><div class="wpb_wrapper"><div class="wpb_text_column" ><div class="wpb_wrapper"><p style="text-align: left;"><strong>Während der Woche<br />
</strong>Mittwoch 11 Uhr bis Freitag 10 Uhr: 75,10 € + 2,10 € p.P.<br />
(2&#215;19.60, 2&#215;4.90, 2&#215;9.80, 1&#215;6.50 + Kurtaxe)</p>
</div></div></div></div></div><div class="vc_col-sm-6 wpb_column vc_column_container"><div class="vc_column-inner"><div class="wpb_wrapper"><div class="wpb_text_column" ><div class="wpb_wrapper"><p><strong>Wochenende:</strong><br />
Wochenende: Freitagabend von 18:00 Uhr bis Sonntag 14:00 Uhr: 70,30 € + 2,10 € p.P.<br />
(2&#215;19.60, 2&#215;4.90, 1&#215;9.80, 2&#215;2.50, 1&#215;6.50 + Kurtaxe)</p>
</div></div></div></div></div></div></div></div></div></div></div></section>
</div></div></div></div></div></section>

Preisliste 2022AllgemeinesÜbernachtung inkl. Frühstück € 19,60 p.P. (18:00 – 10:00) Tagesteil inkl. Mittagessen € 4,90 p.p. (10:00 – 14:00) Tagesteil inkl. Abendessen € 9,80 p.p. (14:00 – 18:00) Zusätzliche OptionenDeckbett und Bettwäsche komplett 10,00 € pro Paket Nur Bettdecke 6,00 € pro Bettdecke Nur Bettwäsche 6,00 € pro Paket ZuschlägeKurtaxe 1,05 € pro Person u...
